{"id":44,"date":"2014-10-30T11:47:28","date_gmt":"2014-10-30T09:47:28","guid":{"rendered":"https:\/\/www.banukalayci.com\/?page_id=44"},"modified":"2024-05-11T10:53:12","modified_gmt":"2024-05-11T07:53:12","slug":"hareketli-meditasyon","status":"publish","type":"page","link":"https:\/\/www.banukalayci.com\/?page_id=44","title":{"rendered":"Ruhunuzla Dans"},"content":{"rendered":"<p style=\"line-height: 17.65pt; margin: 0cm 0cm 18.0pt 0cm;\"><strong>Ruhunuzla Dans Hareketli Meditasyon At\u00f6lyesi<\/strong><\/p>\n<p>\u00d6z\u00fcm\u00fcz\u00fc ayaklar\u0131na kavu\u015fturmak,<\/p>\n<p>Kalbimizin ellerimizden, g\u00f6z\u00fcm\u00fczden ve davran\u0131\u015flar\u0131m\u0131zdan akar olmas\u0131n\u0131 sa\u011flamak,<\/p>\n<p>Bedenlenmi\u015f muhte\u015femli\u011fimizin d\u00fcnyada keyifle, sa\u011fl\u0131kla ve bollukta ya\u015f\u0131yor olmas\u0131 hedefimiz.<br \/>\n\u2026\u2026\u2026\u2026\u2026\u2026\u2026\u2026\u2026\u2026.<br \/>\n\u00c7al\u0131\u015fmam\u0131z \u00f6zenle se\u00e7ilmi\u015f pozitif m\u00fczikler e\u015fli\u011finde, bedene serbest hareket etme \u00f6zg\u00fcrl\u00fc\u011f\u00fcn\u00fc tan\u0131mak ve tan\u0131tmak \u00fczerine kurulu\u2026<\/p>\n<p>Beden \u00f6z\u00fcn\u00fc hat\u0131rlamas\u0131, hareketlerinin hisleri ile b\u00fct\u00fcnle\u015fmesi, erdemini ve bilgeli\u011fini hat\u0131rlad\u0131k\u00e7a \u015fifaland\u0131rma g\u00fcc\u00fcne tekrar a\u00e7\u0131lmas\u0131 ilk ve \u00f6ncelikle amac\u0131m\u0131z\u2026<\/p>\n<p>Beden bilgeli\u011fine ba\u011flan\u0131p hareketleriyle bu ak\u0131\u015f\u0131n yay\u0131lmas\u0131na izin verdik\u00e7e , ge\u00e7mi\u015fe dair s\u0131k\u0131\u015f\u0131p kalm\u0131\u015f t\u00fcm negatif duygu birikimleri birer birer temizlenmeye ba\u015fl\u0131yor ve &nbsp;bu hareketli meditasyon \u00e7al\u0131\u015fmas\u0131 kendi evinizin konforunda yapt\u0131\u011f\u0131n\u0131z derin bir duygusal temizlik \u00e7al\u0131\u015fmas\u0131na d\u00f6n\u00fc\u015f\u00fcyor.<\/p>\n<p>\u2026\u2026\u2026\u2026..<\/p>\n<div>Ruhunuzla Dans&#8217;tan kazan\u0131mlar\u0131m\u0131z neler olabilir?<\/div>\n<div>&nbsp;<\/div>\n<div>Ruhunuzla Dans ruhu besler\u2026<\/div>\n<div>Ruhunuzla Dans bedeni \u015fifaland\u0131r\u0131r.<\/div>\n<div>Ruhunuzla Dans ki\u015fiyi ana davet eder.<\/div>\n<div>Ruhunuzla Dans bedendeki enerji alanlar\u0131n\u0131n d\u00fczg\u00fcn \u00e7al\u0131\u015fabilmesi i\u00e7in uygun ortam\u0131 yaratmam\u0131z\u0131 sa\u011flar.<\/div>\n<div>Ruhunuzla Dans bedende birikmi\u015f negatif duygular\u0131n temizlenmesini destekler.<\/div>\n<div>Ruhunuzla Dans mutluluk hormonunun sal\u0131n\u0131m\u0131n\u0131 h\u0131zland\u0131r\u0131r.<\/div>\n<div>Ruhunuzla Dans ba\u011f\u0131\u015f\u0131kl\u0131k sistemini g\u00fc\u00e7lendirir.<\/div>\n<div>Ruhunuzla Dans zihin- beden- duygu \u00fc\u00e7leminin i\u00e7inde anda merkezlenmemizi sa\u011flar.<\/div>\n<div>Ruhunuzla Dans dinlendirir; hem zihni, hem bedeni, hem ruhu\u2026<\/div>\n<div>Ruhunuzla Dans bedenin bilgeli\u011fine a\u00e7\u0131lmam\u0131z\u0131 destekler.<\/div>\n<div>Ruhunuzla Dans g\u00f6rd\u00fc\u011f\u00fcm\u00fczden fazlas\u0131n\u0131 g\u00f6rd\u00fc\u011f\u00fcm\u00fcz\u00fc, bildi\u011fimizden fazlas\u0131n\u0131 bildi\u011fimizi bize hat\u0131rlat\u0131r.<\/div>\n<div>&nbsp;<\/div>\n<div>&#8230;.<\/div>\n<div>&nbsp;<\/div>\n<div>\n<div>&#8221; Ruhunuzla Dans\u2019\u0131n&nbsp;dans etmeyi bilmekle&nbsp;hi\u00e7bir&nbsp;ilgisi olmad\u0131\u011f\u0131n\u0131 buradan hat\u0131rlatmak isterim;<\/div>\n<div>Ruhunuzla Dans benim geli\u015ftirdi\u011fim, var olan derin aktif meditasyon tekniklerinden yeniyi do\u011furdu\u011fum, derin bir meditasyon tekni\u011fidir. Ki\u015finin kendi bedeninin bilgeli\u011fine a\u00e7\u0131lmas\u0131n\u0131 ve o bilgelikle hayat yolculu\u011funu s\u00fcrd\u00fcrebilmeyi&nbsp;et\u00fcd etmesini hedefler. Her bireyin deneyimi bu ba\u011flamda ki\u015fiye \u00f6zeldir- ayn\u0131 hayat\u0131m\u0131z\u0131 s\u00fcrd\u00fcrme ve hissetme \u015feklimizin e\u015fsiz ve kar\u015f\u0131la\u015ft\u0131rmas\u0131z oldu\u011fu gibi\u2026<\/div>\n<div>&nbsp;<\/div>\n<div>Daha \u00f6nce defalarca yapm\u0131\u015f, ya da daha \u00f6nce hi\u00e7 yapmam\u0131\u015f herkes i\u00e7in bu sebeple uygun bir \u00e7al\u0131\u015fmad\u0131r. \u00c7al\u0131\u015fman\u0131n detaylar\u0131 size g\u00fcnl\u00fck whats app&nbsp;\u00fczerinden duyurulacakt\u0131r.<\/div>\n<div>Uygunlu\u011funuza g\u00f6re g\u00fcn\u00fcn kendi se\u00e7ti\u011finiz bir saatinde \u00e7al\u0131\u015fman\u0131z\u0131 yapabilme esnekli\u011fi vard\u0131r.&#8221;<\/div>\n<\/div>\n<div>\n<p>Banu Kalayc\u0131, Ruhunuzla Dans \u00e7al\u0131\u015fmas\u0131n\u0131n yarat\u0131c\u0131s\u0131d\u0131r.<br \/>\nTemelinde hareketli meditasyon ilkeleri olmakla birlikte bir g\u00fcnl\u00fck at\u00f6lyenin kapsam\u0131 geni\u015fletilerek tasarlanm\u0131\u015ft\u0131r\u2026<\/p>\n<p>E\u011fitmenin hedefledi\u011fi, at\u00f6lye boyunca kat\u0131l\u0131mc\u0131n\u0131n \u00e7al\u0131\u015fmak istedi\u011fi konunun etrafl\u0131ca i\u00e7inden ge\u00e7ilmesi ve \u00e7al\u0131\u015fma tamamland\u0131\u011f\u0131nda hayata dair bir d\u00f6n\u00fc\u015f\u00fcm do\u011furulmu\u015f olarak ayr\u0131l\u0131nmas\u0131d\u0131r\u2026<\/p>\n<p>Bu at\u00f6lyede Duygu, Zihin, Beden \u00fc\u00e7l\u00fcs\u00fcn\u00fcn tamam\u0131 \u00fczerinde \u00e7al\u0131\u015f\u0131lmas\u0131 h\u0131zl\u0131 ve etkili bir \u015fekilde \u00e7\u00f6z\u00fcme gitmeyi ve sonuca ula\u015fmay\u0131 sa\u011flar\u2026<\/p>\n<p>E\u011fitmenin metafizik alan\u0131ndaki uzmanl\u0131\u011f\u0131 \u00e7al\u0131\u015fman\u0131n temelini, g\u00fcc\u00fcn\u00fc, sevgisini, g\u00fcvenini ve sihrini olu\u015fturur\u2026<\/p>\n<\/div>\n<div>\n<div>Banu<\/div>\n<\/div>\n<p><strong>Bilgi ve kay\u0131t i\u00e7in :<\/strong><\/p>\n<p><strong>05322627716<br \/>\n<\/strong><strong>ruhunuzladans.info@gmail.com<\/strong><\/p>\n<p><strong>&nbsp;<\/strong><\/p>\n","protected":false},"excerpt":{"rendered":"<p>Ruhunuzla Dans Hareketli Meditasyon At\u00f6lyesi \u00d6z\u00fcm\u00fcz\u00fc ayaklar\u0131na kavu\u015fturmak, Kalbimizin ellerimizden, g\u00f6z\u00fcm\u00fczden ve davran\u0131\u015flar\u0131m\u0131zdan akar olmas\u0131n\u0131 sa\u011flamak, Bedenlenmi\u015f muhte\u015femli\u011fimizin d\u00fcnyada keyifle, sa\u011fl\u0131kla ve bollukta ya\u015f\u0131yor olmas\u0131 hedefimiz. \u2026\u2026\u2026\u2026\u2026\u2026\u2026\u2026\u2026\u2026. \u00c7al\u0131\u015fmam\u0131z \u00f6zenle se\u00e7ilmi\u015f [&hellip;]<\/p>\n","protected":false},"author":1,"featured_media":956,"parent":40,"menu_order":0,"comment_status":"open","ping_status":"open","template":"","meta":{"ngg_post_thumbnail":0,"_EventAllDay":false,"_EventTimezone":"","_EventStartDate":"","_EventEndDate":"","_EventStartDateUTC":"","_EventEndDateUTC":"","_EventShowMap":false,"_EventShowMapLink":false,"_EventURL":"","_EventCost":"","_EventCostDescription":"","_EventCurrencySymbol":"","_EventCurrencyCode":"","_EventCurrencyPosition":"","_EventDateTimeSeparator":"","_EventTimeRangeSeparator":"","_EventOrganizerID":[],"_EventVenueID":[],"_OrganizerEmail":"","_OrganizerPhone":"","_OrganizerWebsite":"","_VenueAddress":"","_VenueCity":"","_VenueCountry":"","_VenueProvince":"","_VenueState":"","_VenueZip":"","_VenuePhone":"","_VenueURL":"","_VenueStateProvince":"","_VenueLat":"","_VenueLng":"","_VenueShowMap":false,"_VenueShowMapLink":false,"footnotes":""},"class_list":["post-44","page","type-page","status-publish","has-post-thumbnail","hentry"],"_links":{"self":[{"href":"https:\/\/www.banukalayci.com\/index.php?rest_route=\/wp\/v2\/pages\/44","targetHints":{"allow":["GET"]}}],"collection":[{"href":"https:\/\/www.banukalayci.com\/index.php?rest_route=\/wp\/v2\/pages"}],"about":[{"href":"https:\/\/www.banukalayci.com\/index.php?rest_route=\/wp\/v2\/types\/page"}],"author":[{"embeddable":true,"href":"https:\/\/www.banukalayci.com\/index.php?rest_route=\/wp\/v2\/users\/1"}],"replies":[{"embeddable":true,"href":"https:\/\/www.banukalayci.com\/index.php?rest_route=%2Fwp%2Fv2%2Fcomments&post=44"}],"version-history":[{"count":10,"href":"https:\/\/www.banukalayci.com\/index.php?rest_route=\/wp\/v2\/pages\/44\/revisions"}],"predecessor-version":[{"id":2024,"href":"https:\/\/www.banukalayci.com\/index.php?rest_route=\/wp\/v2\/pages\/44\/revisions\/2024"}],"up":[{"embeddable":true,"href":"https:\/\/www.banukalayci.com\/index.php?rest_route=\/wp\/v2\/pages\/40"}],"wp:featuredmedia":[{"embeddable":true,"href":"https:\/\/www.banukalayci.com\/index.php?rest_route=\/wp\/v2\/media\/956"}],"wp:attachment":[{"href":"https:\/\/www.banukalayci.com\/index.php?rest_route=%2Fwp%2Fv2%2Fmedia&parent=44"}],"curies":[{"name":"wp","href":"https:\/\/api.w.org\/{rel}","templated":true}]}}