{"id":40,"date":"2014-10-30T11:45:41","date_gmt":"2014-10-30T09:45:41","guid":{"rendered":"https:\/\/www.banukalayci.com\/?page_id=40"},"modified":"2016-03-20T19:51:54","modified_gmt":"2016-03-20T17:51:54","slug":"calismalarimiz-2","status":"publish","type":"page","link":"https:\/\/www.banukalayci.com\/?page_id=40","title":{"rendered":"\u00c7al\u0131\u015fmalar\u0131m\u0131z"},"content":{"rendered":"<p style=\"text-align: center;\"><strong>Bolluk Yarat\u0131m<\/strong><\/p>\n<p>Yeni d\u00fcnyan\u0131n yeni ger\u00e7ekli\u011finde\u2026Bolluk bilincinin i\u00e7ine dalmak, orada kalmak ve orada ya\u015famak\u2026Her pozitif alg\u0131n\u0131n bollu\u011funda keyifli yarat\u0131mlar\u0131n i\u00e7inde s\u00fcz\u00fclerek ya\u015famak hayat\u0131\u2026.Ne kadar g\u00fczel geliyor de\u011fil mi kula\u011fa??<\/p>\n<p>Sadece uzaktan kula\u011fa ho\u015f gelmesin, ger\u00e7e\u011finin ya\u015fanmas\u0131 ruha iyi gelsin istedik ve\u00a0bu \u00e7al\u0131\u015fmay\u0131 yapmaya karar verdik\u2026<\/p>\n<p>A\u015fk, para, keyif, tutku ve istedi\u011finiz her muhte\u015fem duygunun bollu\u011funda olabilmek ,<\/p>\n<p><!--more--><\/p>\n<p>\u0130stedi\u011fimiz \u015feylere odaklan\u0131rken enerjiyi nas\u0131l kullanaca\u011f\u0131m\u0131z\u0131 \u00f6\u011frenmek ve deneyimlemek i\u00e7in yapaca\u011f\u0131m\u0131z bu e\u011flenceli fark\u0131ndal\u0131k \u00e7al\u0131\u015fmas\u0131nda \u00a0ana hedef; do\u011fu\u015ftan bizim olan bolluk bilincini tekrar aktive etmektir\u2026<\/p>\n<p>Hayat\u0131n\u0131zda hayal ettikleriniz varsa.. Hayal ettiklerinizin art\u0131k ger\u00e7e\u011finiz olmas\u0131 gerekti\u011fine inan\u0131yorsan\u0131z..ve bunun i\u00e7in \u00a0\u00e7al\u0131\u015fmaya haz\u0131rsan\u0131z\u2026<\/p>\n<p>Sizi bu \u00e7al\u0131\u015fmaya bekliyoruz.<\/p>\n<p><strong>Bilgi ve kay\u0131t i\u00e7in :<\/strong><\/p>\n<p><strong>0533 945 11 64<br \/>\n<\/strong><strong>ruhunuzladans.info@gmail.com<\/strong><\/p>\n<p><img loading=\"lazy\" decoding=\"async\" class=\"page-background-source alignnone wp-image-176 size-full\" src=\"https:\/\/www.banukalayci.com\/wp-content\/uploads\/2014\/10\/0M6A1964.jpg\" alt=\"0M6A1964\" width=\"683\" height=\"1024\" srcset=\"https:\/\/www.banukalayci.com\/wp-content\/uploads\/2014\/10\/0M6A1964.jpg 683w, https:\/\/www.banukalayci.com\/wp-content\/uploads\/2014\/10\/0M6A1964-200x300.jpg 200w\" sizes=\"auto, (max-width: 683px) 100vw, 683px\" \/><\/p>\n<p style=\"text-align: center;\"><strong>\u00a0D\u00f6n\u00fc\u015f\u00fcm Okulu S\u0131n\u0131f \u00c7al\u0131\u015fmalar\u0131<\/strong><\/p>\n<p>Banu Kalayc\u0131 D\u00f6n\u00fc\u015f\u00fcm Okulu Grup \u00e7al\u0131\u015fmalar\u0131nda hedef s\u00fcreklilik, ama\u00e7 ya\u015fam kalitesini duygular baz\u0131nda oldu\u011fu yerden hep daha kaliteli, daha doygun bir alana getirebilmektir&#8230;<\/p>\n<p>Beden fark\u0131ndal\u0131\u011f\u0131, zihin sorgulamalar\u0131 ve d\u00fczg\u00fcn kullan\u0131m\u0131,duygusal travmalar\u0131n temizlenmesi \u00e7al\u0131\u015fmalar\u0131n \u00f6z\u00fcn\u00fc olu\u015ftururken bilgi, sorgulama, hayata ge\u00e7irme ve d\u00fczenli egzersizlerle bu fark\u0131ndal\u0131\u011f\u0131 hayata ge\u00e7irme, bu ge\u00e7i\u015f s\u0131ras\u0131nda payla\u015f\u0131m ve destek grup \u00e7al\u0131\u015fmas\u0131n\u0131 hem daha e\u011flenceli hem de daha verimli bir hale getirecektir.<\/p>\n<p>\u00dczerinde durulacak konular:<\/p>\n<p>-Zihni kontrol eden ve ger\u00e7ekli\u011fi yaratan d\u00fc\u015f\u00fcnce kal\u0131plar\u0131,(Ger\u00e7ekten ben bana s\u00f6yledikleri ki\u015fi miyim? Para kazanmak ger\u00e7ekten zor mu? A\u015fk \u00fc\u00e7 y\u0131lda biter diyorlar ama, \u00f6yle mi? Hastal\u0131klar\u0131n &#8216;ger\u00e7ek&#8217; sebepleri so\u011fuk su, so\u011fuk hava m\u0131? Mutlak ger\u00e7ek diye bize sunulan ka\u00e7 \u015fey ger\u00e7ekten ger\u00e7ek?)<\/p>\n<p>-Bu kal\u0131plar\u0131n nas\u0131l bulunup de\u011fi\u015ftirilebilece\u011fi,<\/p>\n<p>&#8211; Evrensel hipnozun i\u015fleyi\u015f \u015fekilleri ( Tabi \u00f6nce evrensel hipnozun ne oldu\u011fu, nas\u0131l kullan\u0131ld\u0131\u011f\u0131, hayat\u0131m\u0131z\u0131 ne \u015fekilde biz fark\u0131nda bile olmadan etkiledi\u011fi)<\/p>\n<p>-Bedensel-maddesel\u2013ruhsal haf\u0131za temizli\u011fi<\/p>\n<p>-Beden-Zihin-Ruh \u00fc\u00e7l\u00fcs\u00fcn\u00fc b\u00fct\u00fcne d\u00f6n\u00fc\u015ft\u00fcrme<\/p>\n<p>-D\u00fc\u015f\u00fcnce sisteminin yarat\u0131m\u0131 rahats\u0131zl\u0131klar\u0131 anlama ve onlar\u0131 \u015fifaland\u0131rma teknikleri<\/p>\n<p>-Psi\u015fik y\u00f6nlerin geli\u015fimine dayal\u0131 meditasyon teknikleri<\/p>\n<p>-Kendi ger\u00e7ekli\u011finizi istedi\u011finiz do\u011frultuda geli\u015ftirip, yaratabilme<\/p>\n<p>-Manip\u00fclasyon teknikleri<\/p>\n<p>&#8211; Karma, d\u00f6ng\u00fcler ve d\u00f6ng\u00fclerin i\u015fleyi\u015f \u015fekilleri<\/p>\n<p>\u2026.ve daha bir \u00e7ok metafizik bilgiler payla\u015f\u0131lacak, enerji \u00e7al\u0131\u015fmalar\u0131yla birle\u015ftirilecek ve soru \u2013 cevap y\u00f6ntemiyle fark\u0131ndal\u0131\u011f\u0131 artt\u0131rma \u00e7al\u0131\u015fmalar\u0131 esas olacak&#8230;.<\/p>\n<p>5 ay s\u00fcren bu \u00e7al\u0131\u015fmada s\u0131n\u0131flar Eyl\u00fcl ve \u015eubat aylar\u0131nda y\u0131lda 2 kez a\u00e7\u0131l\u0131r.\u00a0\u00c7al\u0131\u015fman\u0131n t\u00fcm\u00fc 3 seviyedir ve her bir seviye 5 ay haftan\u0131n bir g\u00fcn\u00fc saat 19:30 \u2013 20:30 saatleri aras\u0131 Ata\u015fehirde ger\u00e7ekle\u015fir.<\/p>\n<p>S\u0131n\u0131flar 20 ki\u015fiyle s\u0131n\u0131rl\u0131 oldu\u011fundan \u00f6n kay\u0131t sistemiyle kay\u0131tlar kesinle\u015fir.<\/p>\n<p><strong>Bilgi ve kay\u0131t i\u00e7in: <\/strong><\/p>\n<p><strong>0533 945 11 64<br \/>\n<\/strong><strong>ruhunuzladans.info@gmail.com<\/strong><\/p>\n<p><img loading=\"lazy\" decoding=\"async\" class=\"page-background-source alignnone wp-image-179 size-full\" src=\"https:\/\/www.banukalayci.com\/wp-content\/uploads\/2014\/10\/IMG_5343.jpg\" alt=\"IMG_5343\" width=\"683\" height=\"1024\" srcset=\"https:\/\/www.banukalayci.com\/wp-content\/uploads\/2014\/10\/IMG_5343.jpg 683w, https:\/\/www.banukalayci.com\/wp-content\/uploads\/2014\/10\/IMG_5343-200x300.jpg 200w\" sizes=\"auto, (max-width: 683px) 100vw, 683px\" \/><\/p>\n<p>&nbsp;<\/p>\n<p style=\"text-align: center;\"><strong>Ruhunuzla Dans<\/strong><\/p>\n<p>Ruh, kavranmas\u0131 zor bir kavram.<\/p>\n<p>Bir yandan Ruh\u2019un varl\u0131\u011f\u0131n\u0131 sorgularken bir yandan da g\u00fcnl\u00fck hayat\u0131m\u0131zda ger\u00e7eklik alg\u0131m\u0131z\u0131 s\u00fcrekli de\u011fi\u015ftiren olaylar sayesinde i\u00e7imizde, derinliklerimizde; s\u00fcrekli de\u011fi\u015fen, hareket eden bir taraf\u0131m\u0131z oldu\u011funu da hissediyoruz. Yeni ili\u015fkiler, eski ili\u015fkilerin sona eri\u015fi, \u00e7ocuklar\u0131m\u0131z\u0131n do\u011fumu, bizi zorlayan k\u00fcresel olaylar\u2026 Hepsi bizi \u00e7ok net a\u00e7\u0131klayamad\u0131\u011f\u0131m\u0131z bir \u015fekilde, derinden etkiliyor. Bu tan\u0131k oldu\u011fumuz, deneyimledi\u011fimiz \u015fey ruhumuz mu?<\/p>\n<p>Deneyimlerimiz ruhumuzun bizi g\u00f6t\u00fcrd\u00fc\u011f\u00fc yerlerde mi bizi kar\u015f\u0131l\u0131yor ve bize \u015fekil veriyor? Ya da deneyimlerimizin ne kadar\u0131 ruhumuzun bize getirdikleri?<\/p>\n<p>Bunu anlamaya, hissetmeye, deneyimlemeye haz\u0131r m\u0131s\u0131n\u0131z?<\/p>\n<p>G\u00fcnl\u00fck hayat\u0131n ko\u015fturmacas\u0131ndan; zorunluluklar\u0131n\u0131z\u0131n, sorumluluklar\u0131n\u0131z\u0131n size hissettirdiklerinden ve zihninizin kaotik g\u00fcr\u00fclt\u00fcs\u00fcnden bir s\u00fcreli\u011fine tamamen kopabilseydiniz, ne hissederdiniz, bilmek ister misiniz? Ya da buna cesaretiniz var m\u0131?<\/p>\n<p>Hadi gelin, ruhunuzla bulu\u015fun\u2026 Dans edin onunla\u2026<\/p>\n<p>B\u00fct\u00fcn kullan\u0131lmayan kal\u0131plar, k\u0131s\u0131tlayan enerjiler aks\u0131n ve ruh bir s\u00fcreli\u011fine bile olsa, \u00d6ZG\u00dcR kals\u0131n.<\/p>\n<p>Dans \u00fczerinden duygusal temizlik ve payla\u015f\u0131mdan olu\u015fan bu \u00e7al\u0131\u015fmada, m\u00fczi\u011fin ritmi ile ruhunuzun ritmini yakalay\u0131p i\u00e7 sesinizle ileti\u015fime ge\u00e7me \u015fans\u0131 yakalayabilirsiniz.<\/p>\n<p>&#8211; See more at: https:\/\/www.banukalayci.com\/?tribe_events=ruhunuzla-dans#sthash.z7qQ97W4.dpuf<\/p>\n<p><strong>Bilgi ve kay\u0131t i\u00e7in :<\/strong><\/p>\n<p><strong>0533 945 11 64<br \/>\n<\/strong><strong>ruhunuzladans.info@gmail.com<\/strong><\/p>\n<p>&nbsp;<\/p>\n<p style=\"text-align: center;\">\n","protected":false},"excerpt":{"rendered":"<p>Bolluk Yarat\u0131m Yeni d\u00fcnyan\u0131n yeni ger\u00e7ekli\u011finde\u2026Bolluk bilincinin i\u00e7ine dalmak, orada kalmak ve orada ya\u015famak\u2026Her pozitif alg\u0131n\u0131n bollu\u011funda keyifli yarat\u0131mlar\u0131n i\u00e7inde s\u00fcz\u00fclerek ya\u015famak hayat\u0131\u2026.Ne kadar g\u00fczel geliyor de\u011fil mi kula\u011fa?? Sadece [&hellip;]<\/p>\n","protected":false},"author":1,"featured_media":0,"parent":0,"menu_order":0,"comment_status":"closed","ping_status":"closed","template":"","meta":{"ngg_post_thumbnail":0,"_EventAllDay":false,"_EventTimezone":"","_EventStartDate":"","_EventEndDate":"","_EventStartDateUTC":"","_EventEndDateUTC":"","_EventShowMap":false,"_EventShowMapLink":false,"_EventURL":"","_EventCost":"","_EventCostDescription":"","_EventCurrencySymbol":"","_EventCurrencyCode":"","_EventCurrencyPosition":"","_EventDateTimeSeparator":"","_EventTimeRangeSeparator":"","_EventOrganizerID":[],"_EventVenueID":[],"_OrganizerEmail":"","_OrganizerPhone":"","_OrganizerWebsite":"","_VenueAddress":"","_VenueCity":"","_VenueCountry":"","_VenueProvince":"","_VenueState":"","_VenueZip":"","_VenuePhone":"","_VenueURL":"","_VenueStateProvince":"","_VenueLat":"","_VenueLng":"","_VenueShowMap":false,"_VenueShowMapLink":false,"footnotes":""},"class_list":["post-40","page","type-page","status-publish","hentry"],"_links":{"self":[{"href":"https:\/\/www.banukalayci.com\/index.php?rest_route=\/wp\/v2\/pages\/40","targetHints":{"allow":["GET"]}}],"collection":[{"href":"https:\/\/www.banukalayci.com\/index.php?rest_route=\/wp\/v2\/pages"}],"about":[{"href":"https:\/\/www.banukalayci.com\/index.php?rest_route=\/wp\/v2\/types\/page"}],"author":[{"embeddable":true,"href":"https:\/\/www.banukalayci.com\/index.php?rest_route=\/wp\/v2\/users\/1"}],"replies":[{"embeddable":true,"href":"https:\/\/www.banukalayci.com\/index.php?rest_route=%2Fwp%2Fv2%2Fcomments&post=40"}],"version-history":[{"count":9,"href":"https:\/\/www.banukalayci.com\/index.php?rest_route=\/wp\/v2\/pages\/40\/revisions"}],"predecessor-version":[{"id":238,"href":"https:\/\/www.banukalayci.com\/index.php?rest_route=\/wp\/v2\/pages\/40\/revisions\/238"}],"wp:attachment":[{"href":"https:\/\/www.banukalayci.com\/index.php?rest_route=%2Fwp%2Fv2%2Fmedia&parent=40"}],"curies":[{"name":"wp","href":"https:\/\/api.w.org\/{rel}","templated":true}]}}